+ 0*r + r. List the prime factors of k(8).
11
Suppose 5*h - 1501 + 39 = -o, 0 = -5*h - 5*o + 1470. What are the prime factors of h?
2, 73
Let i be ((-6)/(-3) + -1)*-1. List the prime factors of 3/(12/(-40)*i).
2, 5
List the prime factors of ((-228)/(-95))/((-2)/(-25)).
2, 3, 5
List the prime factors of ((-113)/3*1)/((-4)/12).
113
Suppose 6*w - 3*w - 192 = 0. Suppose 0 = -5*s + 1 + w. List the prime factors of s.
13
List the prime factors of (-40)/(-25) + 2/5.
2
Let q(u) = -34*u - 49. What are the prime factors of q(-12)?
359
Let d(k) = k**2 - k + 4. Let z = -19 + 13. What are the prime factors of d(z)?
2, 23
Let u = 64 + -43. List the prime factors of 4 + u*(-4)/(-6).
2, 3
Suppose -4*q + 20 = -0*q. Suppose l = 3*m - 94, 0*m - 3*m - q*l = -124. List the prime factors of m.
3, 11
Let z = -6 + 21. Let j = -11 + z. Suppose -23 = -j*t + 17. What are the prime factors of t?
2, 5
Suppose 2*n - 9 + 1 = 0. Suppose 3*l = n*l - 50. What are the prime factors of l?
2, 5
Suppose 0*h - 5*a + 14 = 2*h, 3*a = -2*h + 10. List the prime factors of h.
2
Let w be (-2)/(-6) - 107/(-3). Suppose u + 75 = -2*u. Let y = w + u. What are the prime factors of y?
11
Let h(n) = -n**3 - n**2 - n - 1. Let m be h(-1). Let g(l) = -4 - l + l**2 - l + m*l**2. List the prime factors of g(-3).
11
What are the prime factors of 3666/21 - (-21)/49?
5, 7
Let t(a) be the second derivative of 13*a**5/20 - a**4/12 + a**3/6 + a. List the prime factors of t(1).
13
Let j = 5 - 3. Suppose -j*t + 27 = t. List the prime factors of t.
3
Suppose -5*q = -3*o + 2*o - 50, 5*q - 50 = -3*o. List the prime factors of q.
2, 5
Let u = 11 + -5. Suppose 59 = 3*n - 5*i, -n - 4*n + 86 = 4*i. Suppose l + u - n = 0. What are the prime factors of l?
2, 3
Let a = 0 - -41. List the prime factors of a.
41
Let b = 11 - 4. Suppose -3*r = -5*t - 45, 5*r + b = 4*t + 30. Let d = t + 17. List the prime factors of d.
5
List the prime factors of 0 - (0 + 8)*(-1 - 4).
2, 5
Suppose -2*w + 117 + 75 = 0. Suppose -y + w = y. Suppose 0 = 5*l - l - y. List the prime factors of l.
2, 3
Suppose r + 2*r - 15 = 0, 3*h - 4*r = 64. Let t = 47 - h. List the prime factors of t.
19
Let g(b) = -3*b - 2. Let n be g(-2). List the prime factors of 0 - (0 - n/1).
2
Let f = 69 - 37. List the prime factors of f.
2
Suppose y - 558 = -5*c + 237, -c + 165 = -y. Suppose 0*n = -r + 2*n + 38, -4*n = -5*r + c. List the prime factors of r.
2, 7
Let f(k) = -10. Let b(r) = -r - 10. Let o(h) = -4*b(h) + 3*f(h). List the prime factors of o(8).
2, 3, 7
Let w be (-260)/45 + 4/(-18). Let j be 9 - 1/(-2)*w. Suppose 0 = -y + j*z - 2*z + 10, 2*y = 2*z + 26. List the prime factors of y.
2, 7
Let n(c) = -c + 11. Let w be n(0). Let x = w + -9. Suppose -3*i + 105 = x*i. What are the prime factors of i?
3, 7
Let t(x) = -3*x. Suppose 2*o + 7 = -3*c - 10, 0 = 5*c - o + 24. What are the prime factors of t(c)?
3, 5
Let u = 12 + 27. List the prime factors of u.
3, 13
Let g = 52 + -21. List the prime factors of g.
31
Suppose -4*x - x = 4*h + 27, -h = 3. Let r be (2/6)/(x/(-81)). What are the prime factors of 142/9 - (-2)/r?
2
Let v(a) = a**2 - 7*a + 9. Let s be (-2 + 14)*2/4. Suppose w + 0*w = s. List the prime factors of v(w).
3
Let m(y) = y**2 - y. Let p(f) = -7*f**2 - 2*f + 2. Let g(o) = -2*m(o) + p(o). Let x be g(2). What are the prime factors of x/(-8) - 3/12?
2
Let b = -60 + 85. Suppose 0 = -5*t + b. Suppose -16 = -t*i - 1. What are the prime factors of i?
3
Suppose 2*x + 6 + 8 = 3*d, -d = -3*x - 7. Let u be (-36)/(-2)*4/6. Let l = u + x. List the prime factors of l.
11
Let h(s) = s**3 - 6*s**2 + 3*s - 8. Let a be 2/6 + 23/3. Suppose 3*x = -3*v + a*x + 43, -5*x = 3*v + 7. List the prime factors of h(v).
2, 5
Let a = 7 - 2. Suppose 3*p + 2*g - g = 34, 0 = a*p + 4*g - 66. List the prime factors of p.
2, 5
Suppose 40 = -4*o - t + 254, -3*o + 5*t = -172. Suppose -2*z + 12 = 2*y, -5*y + 5*z - 2*z = -o. List the prime factors of y.
3
Let l be (-10)/(-2) + (-2)/2. Suppose 0*u = -2*u + l. Suppose u*h - 21 = -7. List the prime factors of h.
7
Let q = -3 - -9. Let d(n) = -n**2 + 7*n + 1. What are the prime factors of d(q)?
7
Let g(d) be the second derivative of -2*d**3 - 7*d**2/2 - 2*d. Let r be g(-6). Suppose 0 = 4*y + 4, -5*p + r = -0*p - 5*y. What are the prime factors of p?
2, 3
What are the prime factors of 9*(2 + 0 - -5)?
3, 7
Let n = -50 + 62. List the prime factors of n.
2, 3
Let f(v) = -v**3 + 7*v**2 - 3*v + 3. What are the prime factors of f(5)?
2, 19
Let u(d) = -2*d + 3. Suppose -4*r = -20 + 8. Let a be u(r). Let t = a - -5. What are the prime factors of t?
2
Suppose -5 = -3*w + j, 0*w + 5 = 5*w - j. Suppose d - 5*d + 48 = w. List the prime factors of d.
2, 3
Let u(x) be the third derivative of x**5/60 - x**4/3 - 7*x**3/6 + 6*x**2. What are the prime factors of u(9)?
2
Let f(m) = 5*m - 7. List the prime factors of f(8).
3, 11
Suppose -r - r + 7 = n, n + r - 6 = 0. Suppose -2*k = -2*g, -4*g + k = n*k - 16. What are the prime factors of 3 - 1 - (1 - g)?
3
Suppose -5*x - 3*r = -207, -3*x + 5*x - 5*r = 58. What are the prime factors of x?
3, 13
Let s = 27 + -10. What are the prime factors of s?
17
Suppose 2*g + 2*g = -u + 20, 4*g - u - 12 = 0. Suppose 3*l = g + 8. Suppose 1 - l = -c. List the prime factors of c.
3
Let c = 6 - 10. Let y be 32/14 + c/14. Suppose -y*i - 14 = -2*s, i = -4*i - 25. What are the prime factors of s?
2
Let g(d) = -4*d + 121. What are the prime factors of g(0)?
11
Let h(f) = -8*f - 15. What are the prime factors of h(-8)?
7
Let w = -56 - -78. What are the prime factors of w?
2, 11
Suppose -x + 14 = -n, 2*n = 4*x + x - 79. What are the prime factors of x?
17
Let d(l) = l**2 + 7*l + 4. Let n be d(-9). Let z = -12 + n. What are the prime factors of z?
2, 5
Let y(d) be the second derivative of -d**4/24 + d**3/3 - d**2/2 - 2*d. Let z(a) be the first derivative of y(a). List the prime factors of z(-6).
2
Let i(s) be the third derivative of 1/6*s**3 - 3*s**2 + 0 + 0*s + 1/24*s**4. List the prime factors of i(7).
2
Let p(g) = 3*g**2 + 7*g + 11. List the prime factors of p(-8).
3, 7
Let g(z) = -61*z**2 - 2*z - 1. Let k be g(-1). Let v be 7/(14/k)*1. Let c = v - -46. List the prime factors of c.
2
Let g = -33 + 14. Let f = 2 - g. List the prime factors of f.
3, 7
Let s = -19 - -30. List the prime factors of s.
11
Suppose 0 = -3*d - 4*c + 3, c + 2 = 2*d + 5*c. Suppose -3 - d = -s. List the prime factors of s.
2
Suppose -2*y - 4*s + 32 = 0, 6*y + s = 2*y + 64. List the prime factors of y.
2
Let y = 29 - 6. Suppose -r - 4*n = -28, -r - n + y = 2*n. Suppose 2*u = -2*k + 2 + r, -u = 4*k - 2. List the prime factors of u.
2, 3
Suppose -3*o - 4*t - 8 = -7*o, -2*o - 2*t = -4. Suppose 0 = -3*m - o*m. Suppose 0 = 4*l - m*l - 20. List the prime factors of l.
5
Let w(n) = n**3 + 6*n**2 + 2*n + 3. Let b be w(-5). Suppose 0 = 2*j + j - b. List the prime factors of j.
2, 3
Let p = 41 - 23. List the prime factors of p.
2, 3
List the prime factors of (1 - 0)*868/4.
7, 31
Suppose 3*m - 7 = -1. Suppose 5*x + 4*h - 22 = 0, -3*x - m*x = 5*h - 25. What are the prime factors of x?
2
Let v = -13 - -34. List the prime factors of v.
3, 7
Let a(w) = -3*w + 18 - 7 - 11. Suppose -g - g - 12 = 0. What are the prime factors of a(g)?
2, 3
Let v be (24/(-10))/(6/(-20)). List the prime factors of (-24 + -6)*v/(-10).
2, 3
Suppose -l + 4 = -0. Suppose 3*f = 2*f - l. Let y = 6 - f. List the prime factors of y.
2, 5
Let a be 34/6 + (-4)/6. Suppose 2*y = 3*j + 40, -y + 3*y + a*j - 8 = 0. What are the prime factors of y?
2, 7
List the prime factors of (12/(-10))/(42/(-700)).
2, 5
Let a = 61 - 35. Suppose -2*i = -a - 16. What are the prime factors of i?
3, 7
Let k(t) = t**2 - 9*t. Let o(i) = -i**3 - 6*i**2 + 5*i - 3. Let u be o(-7). List the prime factors of k(u).
2, 11
Let z(u) = u**3 + u**2 + 2*u - 2. What are the prime factors of z(2)?
2, 7
Let n = -2 - -8. Let a be (-2)/(0 - 6/(-27)). Let t = n - a. List the prime factors of t.
3, 5
Let g = 20 - 11. Suppose m - g = 4*t, -4*m - t - 6 = 9. List the prime factors of (-2 + -2)/(-2) - m.
5
Let t be (-1 - 1)/(-2 - -1). Let x be (-1 - -3) + t/2. Suppose 2*s = 2*n - 10, -2*n = -s - x*s. What are the prime factors of n?
2, 5
Let t = 307 - 138. List the prime factors of t.
13
Let g be 0 - 2 - 3*-1. Let t(m) = 28*m - 1. List the prime factors of t(